3.
31, 43
List the prime factors of 31747.
53, 599
What are the prime factors of 82?
2, 41
List the prime factors of 10898.
2, 5449
List the prime factors of 21957.
3, 13, 563
What are the prime factors of 5468?
2, 1367
What are the prime factors of 8?
2
List the prime factors of 2063.
2063
What are the prime factors of 12246?
2, 3, 13, 157
List the prime factors of 19985.
5, 7, 571
What are the prime factors of 27325?
5, 1093
List the prime factors of 46056.
2, 3, 19, 101
List the prime factors of 1028.
2, 257
List the prime factors of 644.
2, 7, 23
What are the prime factors of 127490?
2, 5, 11, 19, 61
What are the prime factors of 59984?
2, 23, 163
List the prime factors of 37268.
2, 7, 11
What are the prime factors of 2039?
2039
List the prime factors of 6036.
2, 3, 503
What are the prime factors of 3633?
3, 7, 173
List the prime factors of 3988.
2, 997
List the prime factors of 6786.
2, 3, 13, 29
What are the prime factors of 3349?
17, 197
What are the prime factors of 1604?
2, 401
List the prime factors of 91223.
11, 8293
List the prime factors of 2283.
3, 761
What are the prime factors of 57527?
57527
List the prime factors of 8045.
5, 1609
What are the prime factors of 3633?
3, 7, 173
What are the prime factors of 11594?
2, 11, 17, 31
What are the prime factors of 19056?
2, 3, 397
What are the prime factors of 739?
739
List the prime factors of 4843.
29, 167
What are the prime factors of 1942?
2, 971
List the prime factors of 2872.
2, 359
List the prime factors of 74558.
2, 11, 3389
What are the prime factors of 946?
2, 11, 43
List the prime factors of 12613.
12613
What are the prime factors of 1436?
2, 359
List the prime factors of 23297.
23297
List the prime factors of 2101.
11, 191
What are the prime factors of 6752?
2, 211
What are the prime factors of 28317?
3, 9439
List the prime factors of 13937.
7, 11, 181
What are the prime factors of 7876?
2, 11, 179
List the prime factors of 3415.
5, 683
List the prime factors of 3723.
3, 17, 73
List the prime factors of 14081.
14081
List the prime factors of 1712.
2, 107
What are the prime factors of 1675?
5, 67
List the prime factors of 1050.
2, 3, 5, 7
List the prime factors of 3548.
2, 887
List the prime factors of 3826.
2, 1913
What are the prime factors of 344?
2, 43
What are the prime factors of 30038?
2, 23, 653
List the prime factors of 26498.
2, 13249
List the prime factors of 555.
3, 5, 37
List the prime factors of 162229.
162229
What are the prime factors of 45814?
2, 22907
What are the prime factors of 1652?
2, 7, 59
What are the prime factors of 39459?
3, 7, 1879
What are the prime factors of 39083?
11, 17, 19
List the prime factors of 1925.
5, 7, 11
List the prime factors of 1615.
5, 17, 19
What are the prime factors of 8874?
2, 3, 17, 29
List the prime factors of 506.
2, 11, 23
What are the prime factors of 45013?
45013
What are the prime factors of 57224?
2, 23, 311
What are the prime factors of 967?
967
List the prime factors of 2823.
3, 941
What are the prime factors of 2872?
2, 359
List the prime factors of 19619.
23, 853
List the prime factors of 1501.
19, 79
List the prime factors of 36884.
2, 9221
What are the prime factors of 13524?
2, 3, 7, 23
List the prime factors of 120614.
2, 13, 4639
List the prime factors of 394.
2, 197
What are the prime factors of 15508?
2, 3877
List the prime factors of 919.
919
What are the prime factors of 74816?
2, 7, 167
What are the prime factors of 103753?
13, 23, 347
List the prime factors of 1344.
2, 3, 7
What are the prime factors of 8513?
8513
What are the prime factors of 111367?
17, 6551
List the prime factors of 9587.
9587
List the prime factors of 5184.
2, 3
What are the prime factors of 11255?
5, 2251
List the prime factors of 2492.
2, 7, 89
List the prime factors of 1684.
2, 421
What are the prime factors of 2310?
2, 3, 5, 7, 11
List the prime factors of 55201.
55201
List the prime factors of 32323.
32323
List the prime factors of 39137.
7, 5591
What are the prime factors of 112352?
2, 3511
List the prime factors of 9764.
2, 2441
What are the prime factors of 30317?
7, 61, 71
What are the prime factors of 6837?
3, 43, 53
What are the prime factors of 2961?
3, 7, 47
List the prime factors of 90290.
2, 5, 9029
What are the prime factors of 3578?
2, 1789
List the prime factors of 48577.
31, 1567
List the prime factors of 4183.
47, 89
List the prime factors of 24539.
53, 463
What are the prime factors of 32211?
3, 1193
List the prime factors of 1582.
2, 7, 113
What are the prime factors of 61194?
2, 3, 7, 31, 47
List the prime factors of 5875.
5, 47
What are the prime factors of 15752?
2, 11, 179
List the prime factors of 17218.
2, 8609
List the prime factors of 11037.
3, 13, 283
List the prime factors of 1138.
2, 569
List the prime factors of 1596.
2, 3, 7, 19
What are the prime factors of 319?
11, 29
What are the prime factors of 12352?
2, 193
List the prime factors of 45600.
2, 3, 5, 19
What are the prime factors of 3189?
3, 1063
List the prime factors of 115.
5, 23
What are the prime factors of 41815?
5, 8363
What are the prime factors of 1589?
7, 227
List the prime factors of 69193.
69193
What are the prime factors of 806?
2, 13, 31
What are the prime factors of 7569?
3, 29
List the prime factors of 5447.
13, 419
List the prime factors of 754.
2, 13, 29
What are the prime factors of 1271?
31, 41
What are the prime factors of 161?
7, 23
What are the prime factors of 815?
5, 163
What are the prime factors of 47122?
2, 23561
List the prime factors of 1092.
2, 3, 7, 13
What are the prime factors of 3963?
3, 1321
What are the prime factors of 1489?
1489
List the prime factors of 16487.
16487
What are the prime factors of 1014?
2, 3, 13
What are the prime factors of 3611?
23, 157
What are the prime factors of 53792?
2, 41
List the prime factors of 80359.
17, 29, 163
List the prime factors of 15011.
17, 883
What are the prime factors of 370?
2, 5, 37
List the prime factors of 73700.
2, 5, 11, 67
What are the prime factors of 7395?
3, 5, 17, 29
List the prime factors of 115254.
2, 3, 19, 337
What are the prime factors of 4738?
2, 23, 103
What are the prime factors of 353?
353
List the prime factors of 935.
5, 11, 17
List the prime factors of 62832.
2, 3, 7, 11, 17
What are the prime factors of 6368?
2, 199
What are the prime factors of 6521?
6521
List the prime factors of 2886.
2, 3, 13, 37
List the prime factors of 2251.
2251
What are the prime factors of 188194?
2, 73, 1289
What are the prime factors of 538?
2, 269
What are the prime factors of 57154?
2, 17, 41
What are the prime factors of 49?
7
What are the prime factors of 600?
2, 3, 5
List the prime factors of 18900.
2, 3, 5, 7
What are the prime factors of 32073?
3, 10691
List the prime factors of 10845.
3, 5, 241
List the prime factors of 4823.
7, 13, 53
List the prime factors of 11239.
11239
What are the prime factors of 2022?
2, 3, 337
List the prime factors of 42259.
7, 6037
List the prime factors of 26583.
3, 8861
What are the prime factors of 4669?
7, 23, 29
List the prime factors of 624.
2, 3, 13
What are the prime factors of 4356?
2, 3, 11
What are the prime factors of 3539?
3539
What are the prime factors of 3379?
31, 109
List the prime factors of 114263.
163, 701
List the prime factors of 18421.
13, 109
List the prime factors of 41736.
2, 3, 37, 47
List the prime factors of 43346.
2, 21673
What are the prime factors of 110160?
2, 3, 5, 17
What are the prime factors of 911?
911
List the prime factors of 31408.
2, 13, 151
What are the prime factors of 961?
31
What are the prime factors of 42705?
3, 5, 13, 73
What are the prime factors of 3494?
2, 1747
List the prime factors of 8475.
3, 5, 113
List the prime factors of 49559.
49559
List the prime factors of 1756.
2, 439
What are the prime factors of 1328?
2, 83
List the prime factors of 3632.
2, 227
What are the prime factors of 70839?
3, 17, 463
List the prime factors of 1649.
17, 97
What are the prime factors of 5131?
7, 733
What are the prime factors of 23129?
101, 229
What are the prime factors of 556?
2, 139
What are the prime factors of 7446?
2, 3, 17, 73
What are the prime factors of 15306?
2, 3, 2551
What are the prime factors of 5194?
2, 7, 53
List the prime factors of 6252.
2, 3, 521
List the prime facto